 14. Calculate the remainder when 62 is divided by g(4).
29
Suppose 0 = 2*x - f - 18, f + 1 = -x + 16. Calculate the remainder when 229 is divided by x.
9
Let l(z) = 2 - 1 - 5 - 4*z - 2. Let d(v) = -1. Let c(r) = -4*d(r) + l(r). What is the remainder when 7 is divided by c(-1)?
1
Suppose 69*v - 1458 + 9 = 0. Let s = -3 - -9. Calculate the remainder when v is divided by s.
3
Suppose 0 = 2*k - 7*k + 35. Let m(j) = 3*j - 12. Calculate the remainder when (1 - -1) + 11 + 20 is divided by m(k).
6
Suppose 17*g - 13*g - 456 = 0. What is the remainder when g is divided by 25?
14
Suppose -3*v = i - 6, -2*i + 3*i - 2*v = -14. Let j(m) = 3*m + 30. Calculate the remainder when 59 is divided by j(i).
11
Suppose 6*a = 2*a + 272. Let o = 153 - 124. Suppose -z + 2*k + o = 0, -17 - 65 = -2*z - 4*k. What is the remainder when a is divided by z?
33
Let t be -4 + 1 - 1*-2. Let c = t + 5. Let g = 8 - -7. What is the remainder when g is divided by c?
3
Let w = -3 - -35. Let a(l) = l**3 - 10*l**2 - 2*l - 5. Calculate the remainder when a(11) is divided by w.
30
Suppose 0 = -5*l + 4*v + 267, 9*l + 2*v - 169 = 6*l. Calculate the remainder when 90 is divided by l.
35
Let v = 3 - -2. Let g(d) = d + 10. Let m(i) = -i - 9. Let z(j) = -6*g(j) - 7*m(j). What is the remainder when 14 is divided by z(v)?
6
Let b(g) = g**3 - 7*g**2 + 10*g + 2. Let x be b(5). Suppose 46 = x*c - 2. What is the remainder when 86 is divided by c?
14
Suppose 5*x + 2*x = 21. Suppose x*g - 5*c - 44 = 35, -3*c + 17 = g. Suppose 2*q = 112 - 24. What is the remainder when q is divided by g?
21
Let y be (-5)/(-10)*(1 + -1). Let x be (-3 - y)*(-12)/9. What is the remainder when 17 is divided by x/(-6)*(-60)/8?
2
Suppose k - 5*j - 212 - 207 = 0, -1271 = -3*k + j. What is the remainder when k is divided by 7?
4
Let g(k) be the third derivative of k**6/120 + k**5/12 + k**4/8 + 9*k**3/2 + 21*k**2. What is the remainder when 47 is divided by g(-5)?
11
Suppose 2*s - 48 = 10. Let h(x) = -31*x + 945. Calculate the remainder when s is divided by h(30).
14
Let i(s) = 4*s + 5*s**2 - 2 - 2*s**2 + 11*s + 2*s**2 - s**3. Calculate the remainder when i(6) is divided by 18.
16
Let c = -150 - -95. Let i = c + 108. Suppose -y - 4*g = -38, 49 = 3*y - 2*g + g. What is the remainder when i is divided by y?
17
Suppose 5 = -5*t - 4*h, 0 = -3*t - 2*t + 5*h + 40. Suppose -t*l + 2 = -7. What is the remainder when 6 is divided by l?
0
Suppose 5*l + 321 = -t + 5*t, 5*l = -2*t + 153. Calculate the remainder when t is divided by 26.
1
Let v(t) = 6*t**2 - 8*t + 5. What is the remainder when v(4) is divided by 25?
19
Suppose 83*l = -13*l + 16032. Calculate the remainder when l is divided by 6.
5
What is the remainder when (-145)/(-2)*((-12)/(-10))/3 is divided by 10?
9
Let x be (31 + (0 - 0))*(-1 + 2). Let m = 62 - x. What is the remainder when m is divided by 11?
9
Let k = 867 + -834. What is the remainder when 5 + -3 - (-93 - 1) is divided by k?
30
Suppose m + 9 = 43. Suppose -1 - 14 = -5*z. Suppose 5*a = -5*q + 35, 4*q = z*q - 2*a + 2. Calculate the remainder when m is divided by q.
10
Let k(a) = -3*a - 7 - 1 - 1. Let l = -365 + 355. What is the remainder when k(l) is divided by 8?
5
Suppose 0 = -4*b + b - 2*j + 4181, 2*b = -3*j + 2789. Calculate the remainder when b is divided by 31.
29
Suppose -3*x + 7*x - 5*g - 660 = 0, 2*x - 5*g = 340. What is the remainder when x is divided by 42?
34
Let t(d) = d**2 - 3*d + 1. Let r be t(3). Suppose h = r - 0. Suppose -2*o + 20 = 3*o. Calculate the remainder when o is divided by h.
0
Suppose -331 = -2*d + 229. Suppose 2*t + 2*t = d. What is the remainder when t is divided by 18?
16
Suppose b - 19 = 4*r + 16, 5*b + r = 112. What is the remainder when 79 is divided by b?
10
Suppose -b + 6 = -4. Suppose b*u - 9*u - 34 = 0. Calculate the remainder when u is divided by 7.
6
Suppose 0 = 5*o - 34 - 26. Suppose -q = -2 - 1. Calculate the remainder when q is divided by (o/(-21))/(8/(-28)).
1
Let q(o) = -53*o + 631. What is the remainder when q(10) is divided by 5?
1
Let g = -6 - -8. Suppose -g*i = -3*t + 3*i + 24, -4*i - 12 = 0. Suppose 4 = -4*j, n = 3*n + 4*j - 10. Calculate the remainder when n is divided by t.
1
Calculate the remainder when 58 is divided by (39 + -3)/(18/12).
10
Suppose 24 = 3*m + 4*t, 4 = 3*t + 13. What is the remainder when 3*4/m*130 is divided by 33?
31
Let y(m) = 2*m**3 - 3*m**2 - 3*m. Let c = 6 - -7. What is the remainder when y(3) is divided by c?
5
Let o be (-24)/((-12)/(-32)*4). Let h = -11 - o. Suppose -h*n = -r, r + 3*n - 11 = -3. What is the remainder when 19 is divided by r?
4
Let f = 6 + -4. Suppose -37 = f*i - 345. Suppose -y = -8*y + i. Calculate the remainder when 87 is divided by y.
21
Calculate the remainder when 552 is divided by (1554/(-35))/((-8)/20).
108
Suppose 13*t + 32 = i + 11*t, -4*i - t = -155. What is the remainder when 793 is divided by i?
33
Suppose 5*r = 9*r - 328. Let i = r + -59. What is the remainder when 87 is divided by i?
18
Suppose -5 = -5*u, h - 21 = -h - 5*u. Calculate the remainder when 2 + 123 - (17 + -11) is divided by h.
7
Let n = -19 - -22. Suppose 0 = n*g - 4*g + 25. Suppose -g = 2*y - 83. What is the remainder when y is divided by 16?
13
Let j(m) = -m**2 + 25*m - 71. What is the remainder when 96 is divided by j(6)?
10
Let u = 170 + -93. Calculate the remainder when u is divided by 4.
1
Suppose -o = 4*z + 3 - 17, -3*o + 21 = 5*z. Let j(i) = -3*i + 66. Let r be j(14). Suppose -17*m = -13*m - r. What is the remainder when m is divided by z?
0
Suppose 17*f - 56*f = -3354. What is the remainder when 103 is divided by f?
17
Let r = 264 - 188. Let h = r - -22. Calculate the remainder when h is divided by 33.
32
Let w = -167 + 191. Calculate the remainder when w is divided by 5.
4
Let j(t) = t**2 - 14*t - 12. Let x be j(14). Let h = -9 - x. Suppose -4*d = 4*z - 36, -h*d + 11 = -3*z - 16. What is the remainder when 43 is divided by d?
7
Suppose -15*t = -13*t - 16. Calculate the remainder when (-3)/(27/(-345)) - (-12)/(-36) is divided by t.
6
Suppose -2*g - 68 = -4*g - 5*s, 5*s = 20. Calculate the remainder when 31*-4*(-1 + (-7)/(-28)) is divided by g.
21
Let b = -1073 + 1104. Calculate the remainder when b is divided by 2.
1
Suppose 49*v + 24*v - 4964 = 0. What is the remainder when v is divided by 9?
5
Let n = 240 + -235. Calculate the remainder when 143 is divided by n.
3
Calculate the remainder when 2522 is divided by (-16)/40 + 1014/10.
98
Let r = 1174 - 1112. Let s(q) = 4*q - 7. What is the remainder when r is divided by s(5)?
10
Suppose 0 = -2*h - q - 3, 5*h - h + 4*q = -12. Suppose 2*j + 4*j - 108 = h. Calculate the remainder when 69 is divided by j.
15
Suppose 5*v = 4*v + 26. Let k = -12 + v. Calculate the remainder when k is divided by 3.
2
Let n = -75 - -181. Suppose u = 2*u - n. What is the remainder when u is divided by 27?
25
Let c(w) = -2*w**3 + 7*w**2 + 2*w + 9. Let i be c(4). Suppose 0 = 3*b - 4*v - 67, 2 = -v + i. What is the remainder when b is divided by 12?
9
Let h(o) = -2*o**2 - 4*o + 8. Let r be h(3). Let i = 30 + r. Calculate the remainder when i is divided by 3.
2
Let l(z) = z**3 + 6*z**2 - 2*z - 1. Let v be l(-4). Let t = v - 37. What is the remainder when 6 is divided by t?
0
Let d(h) = 5*h. Let y = 4 + 1. Suppose 25 = 7*o - 66. Calculate the remainder when d(y) is divided by o.
12
Let s = 71 + 83. Suppose b = -3*y + s, -198 = y - 5*y - 5*b. Calculate the remainder when y is divided by 9.
7
Let u(g) = g + 41. What is the remainder when 133 is divided by u(-7)?
31
Calculate the remainder when 46 is divided by 5/((-7)/(-3) - (9 - 7)).
1
Suppose -31*v + 224 = -23*v. Calculate the remainder when 137 is divided by v.
25
Let q(v) = -7*v - 5. Let n be q(-3). Let r = n + 11. Calculate the remainder when r is divided by 7.
6
Suppose 35*q - 28*q = 21. Calculate the remainder when 112 is divided by q.
1
Suppose -25 - 23 = -4*u. Suppose 4*b - 8*b = -u. Suppose p + a = 6, 6*p - a = b*p + 14. Calculate the remainder when 18 is divided by p.
3
Let r be -2 + (-8)/(-2) - -3. Let c(l) = 3*l - 11. Let j be c(r). Suppose j*s = s, 60 = 5*i - s. Calculate the remainder when 22 is divided by i.
10
Let o(x) = 5*x**2 - 3*x - 2. Let g be o(-1). Suppose g*i + 4*i = 140. What is the remainder when 26 is divided by i?
12
Suppose -7 + 3 = 2*y. Le